 -3?
-626
In base 9, what is -52 + 135?
73
In base 8, what is -750 - 3?
-753
In base 2, what is -1010100 + -100?
-1011000
In base 2, what is -111111 + -101100?
-1101011
In base 11, what is -742 - 0?
-742
In base 3, what is -2021 - 10211?
-20002
In base 16, what is -2 - 2d?
-2f
In base 12, what is -4 - 1b81?
-1b85
In base 3, what is 2011 - -120?
2201
In base 12, what is 4 + 95?
99
In base 8, what is -1 - -205?
204
In base 2, what is 10101 + 100?
11001
In base 10, what is 5 + 140?
145
In base 8, what is -643 + 4?
-637
In base 3, what is -12 + -220011?
-220100
In base 10, what is -13 + 2420?
2407
In base 9, what is 3 + -3842?
-3838
In base 10, what is 513 - -3?
516
In base 10, what is 9 + 268?
277
In base 7, what is -2 - 20403?
-20405
In base 9, what is 5 + 26?
32
In base 2, what is 10100100011 - 101?
10100011110
In base 5, what is 3 + 44?
102
In base 8, what is -15 - -2?
-13
In base 2, what is 100111100 - 0?
100111100
In base 6, what is 101 - -13?
114
In base 12, what is -5 + 21?
18
In base 2, what is 100 + 11100000?
11100100
In base 2, what is -1 - -101010011?
101010010
In base 14, what is -16c - 2?
-170
In base 2, what is -111 + 10011100111?
10011100000
In base 11, what is 1 + -51?
-50
In base 8, what is 51 + 0?
51
In base 10, what is 74 - 5?
69
In base 4, what is -2 - -300?
232
In base 11, what is -7 + 55a?
553
In base 7, what is -6 - -211?
202
In base 11, what is -4524 + 5?
-451a
In base 3, what is -220122 + 121?
-220001
In base 15, what is 13 - 0?
13
In base 4, what is -11 - 2122?
-2133
In base 15, what is 2d1 + -5?
2cb
In base 9, what is 368 + 5?
374
In base 16, what is 0 + -5?
-5
In base 11, what is -6 - -a?
4
In base 2, what is 0 + 1101?
1101
In base 6, what is -2 + -40?
-42
In base 7, what is 453 - 25?
425
In base 4, what is -10 + -13112?
-13122
In base 16, what is -17f + 20?
-15f
In base 6, what is -124 - 25?
-153
In base 2, what is 1 - 1010011001?
-1010011000
In base 9, what is 4235 - 1?
4234
In base 6, what is -10 + 1413?
1403
In base 7, what is 1662 - 0?
1662
In base 2, what is 100 + -100000111101?
-100000111001
In base 14, what is 1cd9 - 2?
1cd7
In base 5, what is -4230 - -1?
-4224
In base 10, what is 282 + -6?
276
In base 9, what is 1 - -208?
210
In base 6, what is -1 - 144?
-145
In base 5, what is 11 + 1430?
1441
In base 16, what is -1 - 2cc?
-2cd
In base 9, what is 672 - 4?
667
In base 11, what is -84 - -23?
-61
In base 7, what is 12400 - 0?
12400
In base 9, what is -617 - -115?
-502
In base 12, what is -63 - 15?
-78
In base 5, what is 1042 + -120?
422
In base 9, what is 7 + -3?
4
In base 9, what is -2 - -14?
12
In base 10, what is -19 - -7?
-12
In base 16, what is 171e - 5?
1719
In base 10, what is 2 + 75?
77
In base 14, what is 7 - -9a?
a3
In base 5, what is 1003 + 23?
1031
In base 5, what is 110413 + 1?
110414
In base 8, what is 4 + 63?
67
In base 16, what is 2 + 1010?
1012
In base 5, what is 1 - 1013?
-1012
In base 13, what is -16 - -90?
77
In base 8, what is 60 - -4?
64
In base 11, what is 3 + -1867?
-1864
In base 10, what is 19 + 60?
79
In base 9, what is -2 - 577?
-580
In base 2, what is -101 + -10101001?
-10101110
In base 14, what is 253 - -3?
256
In base 11, what is -14 + 4a?
36
In base 11, what is 2a90 - -5?
2a95
In base 6, what is -42 - 4?
-50
In base 6, what is -11 - -33?
22
In base 13, what is 4 + -718?
-714
In base 6, what is 0 + -3004?
-3004
In base 8, what is -37 - 5?
-44
In base 7, what is 456 + -2?
454
In base 4, what is 3 - -1303123?
1303132
In base 16, what is 8af - 5?
8aa
In base 5, what is -21 - -1321?
1300
In base 7, what is 13 - -1650?
1663
In base 16, what is 0 - 14d?
-14d
In base 14, what is -20 + 14?
-a
In base 6, what is 1 + -432?
-431
In base 14, what is 164 - -4?
168
In base 9, what is 28 - 282?
-253
In base 4, what is -2 - -10021?
10013
In base 4, what is -12230 - 0?
-12230
In base 6, what is 1244 + 5?
1253
In base 5, what is -4 - 203113?
-203122
In base 13, what is -b170 + 2?
-b16b
In base 6, what is 124 + 32?
200
In base 14, what is 11 + 4?
15
In base 6, what is -1 + -130?
-131
In base 4, what is -113 - -123?
10
In base 10, what is 6 + 1291?
1297
In base 13, what is 245 + 1?
246
In base 13, what is 0 - 1?
-1
In base 13, what is 3 - 34?
-31
In base 11, what is 0 - -a5?
a5
In base 8, what is 1271 - 24?
1245
In base 13, what is -250 + 3?
-24a
In base 9, what is 2 + 1287?
1300
In base 12, what is -209 - -1a?
-1ab
In base 3, what is -12 + -2212?
-10001
In base 15, what is 0 + 5?
5
In base 8, what is 73 + -2?
71
In base 11, what is -4517 - -5?
-4512
In base 3, what is 2121 - 2?
2112
In base 7, what is 235 + 13?
251
In base 11, what is -587 + 0?
-587
In base 13, what is -3 + 256?
253
In base 14, what is 9 - 241?
-236
In base 12, what is -665 + -1?
-666
In base 8, what is -233 + -12?
-245
In base 8, what is 2 - 152?
-150
In base 4, what is -10 + -123?
-133
In base 8, what is -22 + 6?
-14
In base 15, what is 85 + a?
90
In base 8, what is 556 - -5?
563
In base 10, what is -13 - 20?
-33
In base 5, what is -10 + 33032?
33022
In base 12, what is 5 - -180b?
1814
In base 11, what is -1 + -16?
-17
In base 5, what is 30034 - 0?
30034
In base 9, what is -3843 - -3?
-3840
In base 5, what is -10131 - 2?
-10133
In base 8, what is 31 + -2?
27
In base 15, what is 2b29 + 5?
2b2e
In base 15, what is -dc + -1?
-dd
In base 12, what is 208 - 12?
1b6
In base 8, what is -461 + -11?
-472
In base 7, what is -5 + -320?
-325
In base 9, what is -28 + 14?
-14
In base 5, what is 2310 + 311?
3121
In base 8, what is -2 + -257?
-261
In base 6, what is 2 + 130?
132
In base 12, what is -11 - -19?
8
In base 3, what is -1221 - -12?
-1202
In base 9, what is -3 - -207?
204
In base 12, what is 1218 - 2?
1216
In base 9, what is 105 - 4?
101
In base 2, what is -100 + -100000?
-100100
In base 9, what is -2 + 401?
388
In base 9, what is 1 + 61?
62
In base 14, what is -23 - -13?
-10
In base 3, what is 12202022 - -12?
12202111
In base 16, what is f4 + -9?
eb
In base 9, what is -33 - 2?
-35
In base 6, what is 23 - -1243?
1310
In base 6, what is -54 - -133?
35
In base 11, what is 0 - -100?
100
In base 9, what is -3 - 2557?
-2561
In base 9, what is 218 + 2?
221
In base 9, what is 260 + 4?
264
In base 10, what is 228 + -18?
210
In base 7, what is -30642 + 5?
-30634
In base 11, what is -17 + -8?
-24
In base 13, what is -150 + 3?
-14a
In base 16, what is 4f + 47?
96
In base 7, what is 204 - -116?
323
In base 7, what is 5 - -505?
513
In base 5, what is 3 - -201001?
201004
In base 7, what is 153 - 5?
145
In base 15, what is 3 - -7a?
7d
In base 7, what is -3003 + 4?
-2666
In base 8, what is 23 + -73?
-50
In base 7, what is -633 + 16?
-614
In base 10, what is -282 - 3?
-285
In base 7, what is -1 - 333?
-334
In base 10, what is 4 - 3807?
-3803
In base 16, what is -b - 13?
-1e
In base 9, what is 8 - 26?
-17
In base 12, what is 4 - 157?
-153
In base 15, what is 1 - 3?
-2
In base 2, what is -110011111100 + 101?
-110011110111
In base 14, what is 4da - 1?
4d9
In base 15, what is 4 - -86?
8a
In base 5, what is 1344 + 4?
1403
In base 8, what is 1 - 353?
-352
In base 3, what is 200021 - -100?
200121
In base 12, what is 25 + -b?
16
In base 12, what is -17 + -9?
-24
In base 5, what is -2334 + 11?
-2323
In base 2, what is -100000010 + 10?
-100000000
In base 10, what is -2 + 38?
36
In base 4, what is -101 + -2210?
-2311
In base 3, what is -2221 - -21?
-2200
In base 4, what is 10133 - 11?
10122
In base 16, what is 5 - af?
-aa
In base 10, what is 10 + 17?
27
In base 2, what is 1001 - -1100111?
1110000
In base 2, what is 10000 + -100?
1100
In base 5, what is -10 + -323?
-333
In base 16, what is 2 - -4c?
4e
In base 9, what is -774 - 3?
-777
In base 9, what is 2486 - 3?
2483
In base 3, what is 11 + -10201101?
-10201020
In base 5, what is -1022 - -2?
-1020
In base 6, what is 25 + -431?
-402
In base 14, what is -a - 4?
-10
In base 5, what is -4 - 402?
-411
In base 16, what is -1 - 6e?
-6f
In base 6, what is -305 + 4?
-301
In base 7, what is -201 - -1?
-200
In base 4, what is -1 - 121202?
-121203
In base 11, what is 48 + 3?
50
In base 14, what is -13b + 2?
-139
In base 15, what is 0 + -c8?
-c8
In base 2, what is 1000101001001110 - 1?
1000101001001101
In base 15, what is 0 - -23c?
23c
In base 8, what is -25 - -2?
-23
In base 10, what is -368 - -3?
-365
In base 3, what is -12